s of 5342.
2, 2671
List the prime factors of 68538.
2, 3, 11423
What are the prime factors of 9678?
2, 3, 1613
List the prime factors of 1324.
2, 331
List the prime factors of 79274.
2, 13, 3049
List the prime factors of 183152.
2, 11447
List the prime factors of 12138.
2, 3, 7, 17
What are the prime factors of 932?
2, 233
What are the prime factors of 3199?
7, 457
What are the prime factors of 1059?
3, 353
What are the prime factors of 16151?
31, 521
What are the prime factors of 2495?
5, 499
What are the prime factors of 8267?
7, 1181
What are the prime factors of 103434?
2, 3, 17239
List the prime factors of 1808.
2, 113
List the prime factors of 15713.
19, 827
List the prime factors of 46575.
3, 5, 23
What are the prime factors of 4100?
2, 5, 41
List the prime factors of 15901.
15901
What are the prime factors of 27622?
2, 7, 1973
List the prime factors of 10673.
13, 821
List the prime factors of 15449.
7, 2207
What are the prime factors of 12996?
2, 3, 19
List the prime factors of 903.
3, 7, 43
What are the prime factors of 1185?
3, 5, 79
What are the prime factors of 43558?
2, 29, 751
List the prime factors of 4310.
2, 5, 431
What are the prime factors of 1270?
2, 5, 127
What are the prime factors of 19863?
3, 2207
List the prime factors of 4773.
3, 37, 43
List the prime factors of 18485.
5, 3697
List the prime factors of 618.
2, 3, 103
List the prime factors of 873.
3, 97
List the prime factors of 1602.
2, 3, 89
List the prime factors of 134637.
3, 44879
List the prime factors of 23149.
7, 3307
List the prime factors of 54951.
3, 13, 1409
List the prime factors of 1773.
3, 197
What are the prime factors of 1380?
2, 3, 5, 23
List the prime factors of 1416.
2, 3, 59
List the prime factors of 784.
2, 7
List the prime factors of 4734.
2, 3, 263
List the prime factors of 30825.
3, 5, 137
List the prime factors of 518.
2, 7, 37
What are the prime factors of 59745?
3, 5, 7, 569
What are the prime factors of 42209?
42209
What are the prime factors of 24968?
2, 3121
List the prime factors of 103796.
2, 7, 11, 337
What are the prime factors of 89?
89
List the prime factors of 68922.
2, 3, 7, 547
List the prime factors of 124504.
2, 79, 197
List the prime factors of 10013.
17, 19, 31
What are the prime factors of 3353?
7, 479
What are the prime factors of 17996?
2, 11, 409
What are the prime factors of 7997?
11, 727
What are the prime factors of 2676?
2, 3, 223
List the prime factors of 21525.
3, 5, 7, 41
What are the prime factors of 5042?
2, 2521
What are the prime factors of 1869?
3, 7, 89
List the prime factors of 17227.
7, 23, 107
What are the prime factors of 28684?
2, 71, 101
List the prime factors of 44542.
2, 22271
List the prime factors of 626.
2, 313
List the prime factors of 4875.
3, 5, 13
List the prime factors of 1743.
3, 7, 83
List the prime factors of 433.
433
What are the prime factors of 4053?
3, 7, 193
List the prime factors of 7607.
7607
List the prime factors of 584.
2, 73
What are the prime factors of 4502?
2, 2251
List the prime factors of 13868.
2, 3467
List the prime factors of 140175.
3, 5, 7, 89
What are the prime factors of 21425?
5, 857
What are the prime factors of 2298?
2, 3, 383
List the prime factors of 3661.
7, 523
List the prime factors of 11912.
2, 1489
List the prime factors of 335.
5, 67
List the prime factors of 94.
2, 47
What are the prime factors of 1380?
2, 3, 5, 23
List the prime factors of 76160.
2, 5, 7, 17
What are the prime factors of 182200?
2, 5, 911
What are the prime factors of 3529?
3529
List the prime factors of 41279.
7, 5897
List the prime factors of 21744.
2, 3, 151
What are the prime factors of 28910?
2, 5, 7, 59
List the prime factors of 111.
3, 37
What are the prime factors of 24291?
3, 2699
What are the prime factors of 141464?
2, 17683
What are the prime factors of 9008?
2, 563
List the prime factors of 794.
2, 397
What are the prime factors of 19049?
43, 443
List the prime factors of 33357.
3, 11119
What are the prime factors of 8496?
2, 3, 59
List the prime factors of 2406.
2, 3, 401
List the prime factors of 2395.
5, 479
List the prime factors of 1130.
2, 5, 113
What are the prime factors of 1898?
2, 13, 73
List the prime factors of 23210.
2, 5, 11, 211
List the prime factors of 347.
347
What are the prime factors of 4279?
11, 389
List the prime factors of 4239.
3, 157
What are the prime factors of 5121?
3, 569
List the prime factors of 1606.
2, 11, 73
What are the prime factors of 2901?
3, 967
List the prime factors of 634.
2, 317
What are the prime factors of 1251?
3, 139
What are the prime factors of 4059?
3, 11, 41
List the prime factors of 43723.
23, 1901
List the prime factors of 97.
97
What are the prime factors of 724?
2, 181
List the prime factors of 962.
2, 13, 37
List the prime factors of 12184.
2, 1523
List the prime factors of 594.
2, 3, 11
What are the prime factors of 22246?
2, 7, 227
List the prime factors of 3076.
2, 769
List the prime factors of 26654.
2, 13327
List the prime factors of 3665.
5, 733
List the prime factors of 17801.
7, 2543
What are the prime factors of 5458?
2, 2729
What are the prime factors of 839?
839
List the prime factors of 2012.
2, 503
List the prime factors of 139622.
2, 7, 9973
List the prime factors of 34480.
2, 5, 431
What are the prime factors of 63149?
63149
List the prime factors of 76811.
7, 10973
What are the prime factors of 264?
2, 3, 11
What are the prime factors of 52708?
2, 13177
List the prime factors of 9315.
3, 5, 23
List the prime factors of 91638.
2, 3, 1697
What are the prime factors of 60473?
7, 53, 163
List the prime factors of 42058.
2, 17, 1237
What are the prime factors of 523?
523
List the prime factors of 1361.
1361
What are the prime factors of 5744?
2, 359
List the prime factors of 11445.
3, 5, 7, 109
List the prime factors of 20478.
2, 3, 3413
List the prime factors of 767.
13, 59
List the prime factors of 10869.
3, 3623
List the prime factors of 2825.
5, 113
What are the prime factors of 1032?
2, 3, 43
List the prime factors of 26017.
26017
List the prime factors of 78637.
13, 23, 263
List the prime factors of 8291.
8291
List the prime factors of 5736.
2, 3, 239
List the prime factors of 5932.
2, 1483
List the prime factors of 37234.
2, 18617
List the prime factors of 1516.
2, 379
What are the prime factors of 122?
2, 61
What are the prime factors of 1318?
2, 659
What are the prime factors of 1698?
2, 3, 283
List the prime factors of 4737.
3, 1579
What are the prime factors of 566?
2, 283
List the prime factors of 13865.
5, 47, 59
List the prime factors of 5920.
2, 5, 37
List the prime factors of 64845.
3, 5, 11, 131
What are the prime factors of 3492?
2, 3, 97
What are the prime factors of 1451?
1451
What are the prime factors of 98786?
2, 49393
What are the prime factors of 67?
67
What are the prime factors of 24106?
2, 17, 709
List the prime factors of 2381.
2381
List the prime factors of 227.
227
List the prime factors of 14228.
2, 3557
What are the prime factors of 36048?
2, 3, 751
List the prime factors of 3057.
3, 1019
List the prime factors of 16242.
2, 3, 2707
List the prime factors of 18468.
2, 3, 19
What are the prime factors of 378?
2, 3, 7
What are the prime factors of 26089?
7, 3727
What are the prime factors of 607?
607
What are the prime factors of 60958?
2, 29, 1051
What are the prime factors of 910?
2, 5, 7, 13
What are the prime factors of 18757?
18757
What are the prime factors of 684?
2, 3, 19
List the prime factors of 21171.
3, 7057
List the prime factors of 170884.
2, 7, 17, 359
What are the prime factors of 28567?
7, 11, 53
List the prime factors of 2031.
3, 677
What are the prime factors of 268?
2, 67
List the prime factors of 36517.
13, 53
List the prime factors of 48174.
2, 3, 7, 31, 37
What are the prime factors of 11092?
2, 47, 59
What are the prime factors of 5455?
5, 1091
List the prime factors of 1902.
2, 3, 317
What are the prime factors of 83638?
2, 19, 31, 71
What are the prime factors of 1624?
2, 7, 29
What are the prime factors of 22758?
2, 3, 3793
List the prime factors of 15250.
2, 5, 61
What are the prime factors of 4667?
13, 359
What are the prime factors of 6215?
5, 11, 113
What are the prime factors of 13056?
2, 3, 17
What are the prime factors of 796?
2, 199
List t